{"id":3505,"date":"2026-04-23T14:41:25","date_gmt":"2026-04-23T14:41:25","guid":{"rendered":"https:\/\/samanesonu.colegiolossamanes.edu.co\/?page_id=3505"},"modified":"2026-04-30T15:10:57","modified_gmt":"2026-04-30T15:10:57","slug":"cinse-comision-internacional-contra-el-narcotrafico-e-impacto-socioeconomico","status":"publish","type":"page","link":"https:\/\/samanesonu.colegiolossamanes.edu.co\/index.php\/cinse-comision-internacional-contra-el-narcotrafico-e-impacto-socioeconomico\/","title":{"rendered":"CINSE (Comisi\u00f3n Internacional contra el Narcotr\u00e1fico e impacto Socioecon\u00f3mico)"},"content":{"rendered":"<div class=\"wp-block-image\">\n<figure class=\"alignright size-full is-resized\"><img loading=\"lazy\" decoding=\"async\" width=\"1024\" height=\"768\" src=\"https:\/\/samanesonu.colegiolossamanes.edu.co\/wp-content\/uploads\/2026\/04\/CINSE.png\" alt=\"\" class=\"wp-image-3532\" style=\"width:427px;height:auto\" srcset=\"https:\/\/samanesonu.colegiolossamanes.edu.co\/wp-content\/uploads\/2026\/04\/CINSE.png 1024w, https:\/\/samanesonu.colegiolossamanes.edu.co\/wp-content\/uploads\/2026\/04\/CINSE-300x225.png 300w, https:\/\/samanesonu.colegiolossamanes.edu.co\/wp-content\/uploads\/2026\/04\/CINSE-768x576.png 768w\" sizes=\"auto, (max-width: 1024px) 100vw, 1024px\" \/><\/figure><\/div>\n\n\n<div class=\"wp-block-columns is-layout-flex wp-container-core-columns-is-layout-1 wp-block-columns-is-layout-flex\">\n<div class=\"wp-block-column is-layout-flow wp-block-column-is-layout-flow\" style=\"flex-basis:100%\">\n<p>Esta comisi\u00f3n se constituye como un espacio de an\u00e1lisis cr\u00edtico y acci\u00f3n conjunta frente al fen\u00f3meno transnacional del narcotr\u00e1fico, entendido no solo como un problema de seguridad, sino como un obst\u00e1culo estructural que erosiona los pilares del progreso social, el desarrollo sostenible y la estabilidad de las instituciones democr\u00e1ticas. Bajo un enfoque basado en la protecci\u00f3n integral de los derechos humanos, el comit\u00e9 busca trascender las pol\u00edticas punitivas tradicionales para proponer soluciones hol\u00edsticas nacidas de una cooperaci\u00f3n internacional efectiva y sim\u00e9trica. El prop\u00f3sito central es fomentar un di\u00e1logo multilateral din\u00e1mico que logre robustecer la cooperaci\u00f3n judicial para la homologaci\u00f3n de leyes, la cooperaci\u00f3n econ\u00f3mica para asfixiar las finanzas del crimen organizado y la cooperaci\u00f3n en salud p\u00fablica para abordar el fen\u00f3meno del consumo desde la prevenci\u00f3n y el tratamiento cient\u00edfico.<\/p>\n\n\n\n<p>En este marco, se espera que cada delegado logre una comprensi\u00f3n profunda de la corresponsabilidad de su naci\u00f3n en esta lucha global, adquiriendo un dominio interdisciplinario que abarque desde la historia de la medicina y la evoluci\u00f3n de los estupefacientes en la modernidad, hasta las relaciones internacionales y la criminolog\u00eda. Al responder a las preguntas problema, los representantes deber\u00e1n orientar sus esfuerzos hacia la creaci\u00f3n de medidas internacionales que prioricen la dignidad humana, dise\u00f1ando mecanismos de apoyo y transici\u00f3n econ\u00f3mica para poblaciones rurales o vulnerables cuya subsistencia depende actualmente de negocios il\u00edcitos. Asimismo, la comisi\u00f3n enfatizar\u00e1 la importancia de combatir de ra\u00edz la corrupci\u00f3n estatal y las complejas redes de lavado de activos que desestabilizan las econom\u00edas regionales. Finalmente, se abordar\u00e1 con rigor t\u00e9cnico el comercio de la coca\u00edna y la creciente amenaza de las drogas sint\u00e9ticas, analizando c\u00f3mo su producci\u00f3n qu\u00edmica y distribuci\u00f3n moderna presentan retos in\u00e9ditos para la fiscalizaci\u00f3n y la seguridad sanitaria global.<\/p>\n<\/div>\n<\/div>\n\n\n\n<p><strong>Preguntas problema<\/strong><\/p>\n\n\n\n<ol start=\"1\" class=\"wp-block-list\">\n<li>Desde una perspectiva reflexiva, el problema trasciende la ilegalidad: se trata de una cuesti\u00f3n de salud, dignidad humana y responsabilidad estatal. Los pa\u00edses enfrentan el dilema entre prohibir y castigar, o educar y rehabilitar. \u00bfC\u00f3mo pueden los Estados reformar sus pol\u00edticas antidrogas para que prioricen la salud p\u00fablica y la rehabilitaci\u00f3n por encima del castigo penal de igual manera garantizando el acceso equitativo a tratamientos m\u00e9dicos, educaci\u00f3n y programas de prevenci\u00f3n sin vulnerar la soberan\u00eda nacional?<\/li>\n\n\n\n<li>Desde un enfoque sist\u00e9mico, este fen\u00f3meno afecta la democracia, la justicia, el comercio y la seguridad internacional. Combatirlo requiere no solo fuerza, sino transparencia, cooperaci\u00f3n y voluntad pol\u00edtica global. \u00bfQu\u00e9 mecanismos internacionales pueden implementar para combatir la corrupci\u00f3n pol\u00edtica y el financiamiento il\u00edcito sin debilitar la soberan\u00eda de los Estados? Y \u00bfC\u00f3mo pueden las potencias econ\u00f3micas asumir una responsabilidad compartida frente al narcotr\u00e1fico, considerando su papel en el consumo y el lavado financiero global?<\/li>\n\n\n\n<li>Desde una visi\u00f3n reflexiva, el narcotr\u00e1fico no solo es un delito, sino un s\u00edntoma de inequidad estructural. Abordarlo implica repensar la distribuci\u00f3n de recursos, la educaci\u00f3n, el empleo y la presencia del Estado en territorios olvidados. \u00bfQu\u00e9 estrategias sostenibles pueden implementarse para sustituir los cultivos il\u00edcitos sin destruir el tejido social ni aumentar la pobreza rural? \u00bfC\u00f3mo pueden los Estados y organismos internacionales garantizar alternativas reales de desarrollo que rompan el ciclo entre pobreza, narcotr\u00e1fico y violencia?<\/li>\n\n\n\n<li><strong>\u00a0<\/strong>Ante la coexistencia de enfoques divergentes, \u00bfes la regulaci\u00f3n una alternativa viable para debilitar los mercados il\u00edcitos y proteger la salud p\u00fablica, o la prohibici\u00f3n sigue siendo un instrumento necesario para la seguridad internacional? \u00bfC\u00f3mo puede la comunidad internacional gestionar esta pluralidad de modelos sin fracturar la cooperaci\u00f3n multilateral ni el sistema global de control de drogas?<\/li>\n<\/ol>\n","protected":false},"excerpt":{"rendered":"<p>Esta comisi\u00f3n se constituye como un espacio de an\u00e1lisis cr\u00edtico y acci\u00f3n conjunta frente al fen\u00f3meno transnacional del narcotr\u00e1fico, entendido no solo como un problema de seguridad, sino como un obst\u00e1culo estructural que erosiona los pilares del progreso social, el desarrollo sostenible y la estabilidad de las instituciones democr\u00e1ticas. Bajo un enfoque basado en la&#8230;<\/p>\n","protected":false},"author":2,"featured_media":0,"parent":0,"menu_order":0,"comment_status":"closed","ping_status":"closed","template":"","meta":{"_kad_post_transparent":"","_kad_post_title":"","_kad_post_layout":"","_kad_post_sidebar_id":"","_kad_post_content_style":"","_kad_post_vertical_padding":"","_kad_post_feature":"","_kad_post_feature_position":"","_kad_post_header":false,"_kad_post_footer":false,"footnotes":""},"class_list":["post-3505","page","type-page","status-publish","hentry"],"_links":{"self":[{"href":"https:\/\/samanesonu.colegiolossamanes.edu.co\/index.php\/wp-json\/wp\/v2\/pages\/3505","targetHints":{"allow":["GET"]}}],"collection":[{"href":"https:\/\/samanesonu.colegiolossamanes.edu.co\/index.php\/wp-json\/wp\/v2\/pages"}],"about":[{"href":"https:\/\/samanesonu.colegiolossamanes.edu.co\/index.php\/wp-json\/wp\/v2\/types\/page"}],"author":[{"embeddable":true,"href":"https:\/\/samanesonu.colegiolossamanes.edu.co\/index.php\/wp-json\/wp\/v2\/users\/2"}],"replies":[{"embeddable":true,"href":"https:\/\/samanesonu.colegiolossamanes.edu.co\/index.php\/wp-json\/wp\/v2\/comments?post=3505"}],"version-history":[{"count":2,"href":"https:\/\/samanesonu.colegiolossamanes.edu.co\/index.php\/wp-json\/wp\/v2\/pages\/3505\/revisions"}],"predecessor-version":[{"id":3535,"href":"https:\/\/samanesonu.colegiolossamanes.edu.co\/index.php\/wp-json\/wp\/v2\/pages\/3505\/revisions\/3535"}],"wp:attachment":[{"href":"https:\/\/samanesonu.colegiolossamanes.edu.co\/index.php\/wp-json\/wp\/v2\/media?parent=3505"}],"curies":[{"name":"wp","href":"https:\/\/api.w.org\/{rel}","templated":true}]}}