{"id":215,"date":"2022-02-18T13:10:53","date_gmt":"2022-02-18T13:10:53","guid":{"rendered":"https:\/\/samanesonu.colegiolossamanes.edu.co\/?page_id=215"},"modified":"2026-05-01T02:33:37","modified_gmt":"2026-05-01T02:33:37","slug":"foro","status":"publish","type":"page","link":"https:\/\/samanesonu.colegiolossamanes.edu.co\/index.php\/foro\/","title":{"rendered":"CIEV: Comisi\u00f3n Internacional de la Explotaci\u00f3n Sexual y la Violencia de G\u00e9nero"},"content":{"rendered":"\n<div class=\"wp-block-columns is-layout-flex wp-container-core-columns-is-layout-1 wp-block-columns-is-layout-flex\">\n<div class=\"wp-block-column is-layout-flow wp-block-column-is-layout-flow\" style=\"flex-basis:66.66%\">\n<p><strong>La Comisi\u00f3n Internacional de la Explotaci\u00f3n Sexual y la Violencia de G\u00e9nero (CIEV) <\/strong>es un organismo creado para el modelo SAMONU con el objetivo de promover la protecci\u00f3n integral de los derechos humanos de mujeres, ni\u00f1os y adolescentes frente a todas las formas de violencia sexual, explotaci\u00f3n y de manera especial a su salud.<\/p>\n\n\n\n<p><strong>La trata de personas, el tr\u00e1fico ilegal de \u00f3rganos, la prostituci\u00f3n forzada, la violaci\u00f3n, el riesgo frente a ETS y la mutilaci\u00f3n genital femenina <\/strong>son problem\u00e1ticas que afectan a millones de personas en el mundo y que reflejan las desigualdades estructurales de g\u00e9nero, pobreza y poder. Estas pr\u00e1cticas no solo vulneran la dignidad humana, sino que perpet\u00faan sistemas de opresi\u00f3n, discriminaci\u00f3n y violencia institucional.<\/p>\n\n\n\n<p><strong>A pesar de los tratados y compromisos internacionales, miles de mujeres y menores contin\u00faan siendo v\u00edctimas de redes de explotaci\u00f3n sexual y tr\u00e1fico de personas<\/strong>. En varios pa\u00edses, especialmente en regiones de \u00c1frica, Asia y Am\u00e9rica Latina, persisten costumbres o leyes que castigan a las mujeres por razones de \u201chonor\u201d o justifican la mutilaci\u00f3n genital femenina como pr\u00e1ctica cultural. Por otro lado, las potencias occidentales, aunque condenan estas pr\u00e1cticas, siguen siendo destino de la trata y el turismo sexual, evidenciando la doble moral internacional frente a los derechos humanos.<\/p>\n\n\n\n<p>Esta comisi\u00f3n tiene como prop\u00f3sito analizar las causas estructurales de la trata de personas , la prostituci\u00f3n forzada y la violencia sexual, as\u00ed como <strong>proponer mecanismos internacionales de prevenci\u00f3n, protecci\u00f3n, sanci\u00f3n y reparaci\u00f3n integral a la v\u00edctimas. <\/strong>Adem\u00e1s, busca fomentar el di\u00e1logo entre naciones con diferentes visiones culturales, religiosas y sociales, en torno al respeto universal de los derechos humanos.<\/p>\n<\/div>\n\n\n\n<div class=\"wp-block-column is-layout-flow wp-block-column-is-layout-flow\" style=\"flex-basis:33.33%\"><div class=\"wp-block-image is-resized\">\n<figure class=\"aligncenter size-full\"><img loading=\"lazy\" decoding=\"async\" width=\"1024\" height=\"768\" src=\"http:\/\/samanesonu.colegiolossamanes.edu.co\/wp-content\/uploads\/2026\/04\/CIEV-NUEVO.png\" alt=\"\" class=\"wp-image-3547\" srcset=\"https:\/\/samanesonu.colegiolossamanes.edu.co\/wp-content\/uploads\/2026\/04\/CIEV-NUEVO.png 1024w, https:\/\/samanesonu.colegiolossamanes.edu.co\/wp-content\/uploads\/2026\/04\/CIEV-NUEVO-300x225.png 300w, https:\/\/samanesonu.colegiolossamanes.edu.co\/wp-content\/uploads\/2026\/04\/CIEV-NUEVO-768x576.png 768w\" sizes=\"auto, (max-width: 1024px) 100vw, 1024px\" \/><figcaption class=\"wp-element-caption\">.<\/figcaption><\/figure><\/div>\n\n<div class=\"wp-block-image is-resized\">\n<figure class=\"aligncenter size-full\"><img loading=\"lazy\" decoding=\"async\" width=\"1024\" height=\"768\" src=\"https:\/\/samanesonu.colegiolossamanes.edu.co\/wp-content\/uploads\/2025\/03\/WhatsApp-Image-2025-03-30-at-11.31.01-PM-2.jpeg\" alt=\"\" class=\"wp-image-2631\" srcset=\"https:\/\/samanesonu.colegiolossamanes.edu.co\/wp-content\/uploads\/2025\/03\/WhatsApp-Image-2025-03-30-at-11.31.01-PM-2.jpeg 1024w, https:\/\/samanesonu.colegiolossamanes.edu.co\/wp-content\/uploads\/2025\/03\/WhatsApp-Image-2025-03-30-at-11.31.01-PM-2-300x225.jpeg 300w, https:\/\/samanesonu.colegiolossamanes.edu.co\/wp-content\/uploads\/2025\/03\/WhatsApp-Image-2025-03-30-at-11.31.01-PM-2-768x576.jpeg 768w\" sizes=\"auto, (max-width: 1024px) 100vw, 1024px\" \/><figcaption class=\"wp-element-caption\">Imagen de archivo (SAMONU)<\/figcaption><\/figure><\/div><\/div>\n<\/div>\n\n\n\n<p><\/p>\n\n\n\n<h2 class=\"wp-block-heading\" id=\"tematica-de-la-comision\">Tem\u00e1ticas y Preguntas a abordar en la Comisi\u00f3n<\/h2>\n\n\n\n<p class=\"has-background\" style=\"background-color:#f0f5ff\"><strong>Crimen organizado, responsabilidad internacional, sanciones y cooperaci\u00f3n<\/strong>.<\/p>\n\n\n\n<p class=\"has-background\" style=\"background-color:#f0f5ff\">\u00bfHasta qu\u00e9 punto la soberan\u00eda nacional puede ser invocada para limitar la intervenci\u00f3n internacional cuando existen violaciones sistem\u00e1ticas de derechos humanos contra ni\u00f1as y mujeres? \u00bfPuede la comunidad internacional continuar abordando la violencia sexual y las pr\u00e1cticas nocivas mediante declaraciones y recomendaciones no vinculantes, o la ausencia de sanciones reales y mecanismos convierte a los organismos multilaterales en actores pasivos frente a violaciones sistem\u00e1ticas?<\/p>\n\n\n\n<p class=\"has-background\" style=\"background-color:#f0f5ff\">&nbsp;\u00bfDebe la comunidad internacional intervenir y sancionar a los Estados que, por razones culturales, religiosas o legales, toleran pr\u00e1cticas inhumanas o no garantizan la protecci\u00f3n efectiva de ni\u00f1as y adolescentes v\u00edctimas de violencia sexual? \u00bfPuede justificarse dicha intervenci\u00f3n sin vulnerar el principio de soberan\u00eda ni generar acusaciones de neocolonialismo?<\/p>\n\n\n\n<p class=\"has-background\" style=\"background-color:#f0f5ff\">\u00bfC\u00f3mo pueden los Estados de destino exigir mayores controles migratorios y medidas de prevenci\u00f3n a los pa\u00edses de origen, mientras en sus propios territorios persiste una demanda activa de prostituci\u00f3n forzada, turismo sexual y tr\u00e1fico ilegal de \u00f3rganos que financia redes criminales transnacionales? \u00bfEn qu\u00e9 medida esta contradicci\u00f3n compromete la legitimidad y eficacia de sus pol\u00edticas para combatir estos delitos?<\/p>\n\n\n\n<p class=\"has-background\" style=\"background-color:#f0f5ff\">\u00bfQu\u00e9 medidas integrales deben adoptar los Estados para prevenir y erradicar la trata de personas y la prostituci\u00f3n forzada, garantizando no solo la persecuci\u00f3n efectiva de las redes criminales, sino tambi\u00e9n la protecci\u00f3n, reparaci\u00f3n integral y no revictimizaci\u00f3n de las v\u00edctimas?<\/p>\n\n\n\n<div class=\"wp-block-columns is-layout-flex wp-container-core-columns-is-layout-2 wp-block-columns-is-layout-flex\">\n<div class=\"wp-block-column is-layout-flow wp-block-column-is-layout-flow\" style=\"flex-basis:100%\">\n<p><\/p>\n<\/div>\n<\/div>\n\n\n\n<div class=\"wp-block-columns is-layout-flex wp-container-core-columns-is-layout-5 wp-block-columns-is-layout-flex\">\n<div class=\"wp-block-column is-layout-flow wp-block-column-is-layout-flow\">\n<h2 class=\"wp-block-heading has-text-align-center\" id=\"presidente\">Mesa Moderadora<\/h2>\n\n\n\n<div class=\"wp-block-columns is-layout-flex wp-container-core-columns-is-layout-4 wp-block-columns-is-layout-flex\">\n<div class=\"wp-block-column is-layout-flow wp-block-column-is-layout-flow\"><div class=\"wp-block-image\">\n<figure class=\"aligncenter size-large is-resized\"><img loading=\"lazy\" decoding=\"async\" width=\"682\" height=\"1024\" src=\"https:\/\/samanesonu.colegiolossamanes.edu.co\/wp-content\/uploads\/2026\/04\/Samuel-Esteban-682x1024.png\" alt=\"\" class=\"wp-image-3442\" style=\"width:345px;height:auto\" srcset=\"https:\/\/samanesonu.colegiolossamanes.edu.co\/wp-content\/uploads\/2026\/04\/Samuel-Esteban-682x1024.png 682w, https:\/\/samanesonu.colegiolossamanes.edu.co\/wp-content\/uploads\/2026\/04\/Samuel-Esteban-200x300.png 200w, https:\/\/samanesonu.colegiolossamanes.edu.co\/wp-content\/uploads\/2026\/04\/Samuel-Esteban.png 719w\" sizes=\"auto, (max-width: 682px) 100vw, 682px\" \/><figcaption class=\"wp-element-caption\"><strong>Samuel Esteban Morales 11B<\/strong><\/figcaption><\/figure><\/div><\/div>\n\n\n\n<div class=\"wp-block-column is-layout-flow wp-block-column-is-layout-flow\"><div class=\"wp-block-image\">\n<figure class=\"aligncenter size-large is-resized\"><img loading=\"lazy\" decoding=\"async\" width=\"685\" height=\"1024\" src=\"http:\/\/samanesonu.colegiolossamanes.edu.co\/wp-content\/uploads\/2026\/04\/Manuela-Cataneda-1-685x1024.png\" alt=\"\" class=\"wp-image-3445\" style=\"width:345px;height:auto\" srcset=\"https:\/\/samanesonu.colegiolossamanes.edu.co\/wp-content\/uploads\/2026\/04\/Manuela-Cataneda-1-685x1024.png 685w, https:\/\/samanesonu.colegiolossamanes.edu.co\/wp-content\/uploads\/2026\/04\/Manuela-Cataneda-1-201x300.png 201w, https:\/\/samanesonu.colegiolossamanes.edu.co\/wp-content\/uploads\/2026\/04\/Manuela-Cataneda-1.png 718w\" sizes=\"auto, (max-width: 685px) 100vw, 685px\" \/><figcaption class=\"wp-element-caption\"><strong>Manuela Casta\u00f1eda 11A<\/strong><\/figcaption><\/figure><\/div>\n\n\n<div class=\"wp-block-columns is-layout-flex wp-container-core-columns-is-layout-3 wp-block-columns-is-layout-flex\">\n<div class=\"wp-block-column is-layout-flow wp-block-column-is-layout-flow\"><\/div>\n<\/div>\n<\/div>\n\n\n\n<div class=\"wp-block-column is-layout-flow wp-block-column-is-layout-flow\"><div class=\"wp-block-image\">\n<figure class=\"aligncenter size-large is-resized\"><img loading=\"lazy\" decoding=\"async\" width=\"710\" height=\"1024\" src=\"https:\/\/samanesonu.colegiolossamanes.edu.co\/wp-content\/uploads\/2026\/04\/WhatsApp-Image-2026-04-23-at-7.17.05-AM-1-710x1024.jpeg\" alt=\"\" class=\"wp-image-3512\" style=\"width:355px;height:auto\" srcset=\"https:\/\/samanesonu.colegiolossamanes.edu.co\/wp-content\/uploads\/2026\/04\/WhatsApp-Image-2026-04-23-at-7.17.05-AM-1-710x1024.jpeg 710w, https:\/\/samanesonu.colegiolossamanes.edu.co\/wp-content\/uploads\/2026\/04\/WhatsApp-Image-2026-04-23-at-7.17.05-AM-1-208x300.jpeg 208w, https:\/\/samanesonu.colegiolossamanes.edu.co\/wp-content\/uploads\/2026\/04\/WhatsApp-Image-2026-04-23-at-7.17.05-AM-1-768x1108.jpeg 768w, https:\/\/samanesonu.colegiolossamanes.edu.co\/wp-content\/uploads\/2026\/04\/WhatsApp-Image-2026-04-23-at-7.17.05-AM-1.jpeg 887w\" sizes=\"auto, (max-width: 710px) 100vw, 710px\" \/><figcaption class=\"wp-element-caption\"><strong>E<\/strong><strong>manuel S\u00e1nchez Cubides 11A<\/strong><\/figcaption><\/figure><\/div><\/div>\n<\/div>\n\n\n\n<hr class=\"wp-block-separator has-text-color has-css-opacity has-background aligncenter is-style-wide\" style=\"background-color:#dde7ff;color:#dde7ff\"\/>\n<\/div>\n<\/div>\n\n\n\n<figure class=\"wp-block-table is-style-stripes\"><table class=\"has-fixed-layout\"><tbody><tr><td class=\"has-text-align-center\" data-align=\"center\"><strong>Estudiante <\/strong><\/td><td class=\"has-text-align-center\" data-align=\"center\">  <strong>Delegaci\u00f3n<\/strong><\/td><td class=\"has-text-align-center\" data-align=\"center\">   <strong>Procesofolio<\/strong><\/td><\/tr><tr><td class=\"has-text-align-center\" data-align=\"center\">Cristian Leonardo Ortigoza<\/td><td class=\"has-text-align-center\" data-align=\"center\">Canad\u00e1<\/td><td class=\"has-text-align-center\" data-align=\"center\"><\/td><\/tr><tr><td class=\"has-text-align-center\" data-align=\"center\">Jos\u00e9 Miguel Naranjo Montes<\/td><td class=\"has-text-align-center\" data-align=\"center\">Colombia<\/td><td class=\"has-text-align-center\" data-align=\"center\"><\/td><\/tr><tr><td class=\"has-text-align-center\" data-align=\"center\">Mar\u00eda Jos\u00e9 Quintero Garc\u00eda<\/td><td class=\"has-text-align-center\" data-align=\"center\">Estados Unidos<\/td><td class=\"has-text-align-center\" data-align=\"center\"><\/td><\/tr><tr><td class=\"has-text-align-center\" data-align=\"center\">Sara Valentina Moscoso Feriz<\/td><td class=\"has-text-align-center\" data-align=\"center\">Sud\u00e1frica<\/td><td class=\"has-text-align-center\" data-align=\"center\"><\/td><\/tr><tr><td class=\"has-text-align-center\" data-align=\"center\">Tom\u00e1s Camilo Guti\u00e9rrez Guzm\u00e1n<\/td><td class=\"has-text-align-center\" data-align=\"center\">Tailandia<\/td><td class=\"has-text-align-center\" data-align=\"center\"><\/td><\/tr><tr><td class=\"has-text-align-center\" data-align=\"center\">Silvana Correa Rojas<\/td><td class=\"has-text-align-center\" data-align=\"center\">Espa\u00f1a<\/td><td class=\"has-text-align-center\" data-align=\"center\"><\/td><\/tr><tr><td class=\"has-text-align-center\" data-align=\"center\">Alan Joel Gaona Castro<\/td><td class=\"has-text-align-center\" data-align=\"center\">Nigeria<\/td><td class=\"has-text-align-center\" data-align=\"center\"><\/td><\/tr><tr><td class=\"has-text-align-center\" data-align=\"center\">Emanuel Osorio Lozano<\/td><td class=\"has-text-align-center\" data-align=\"center\">RD Congo<\/td><td class=\"has-text-align-center\" data-align=\"center\"><\/td><\/tr><tr><td class=\"has-text-align-center\" data-align=\"center\">Luciana Ni\u00f1o Castillo<\/td><td class=\"has-text-align-center\" data-align=\"center\">Brasil<\/td><td class=\"has-text-align-center\" data-align=\"center\"><\/td><\/tr><tr><td class=\"has-text-align-center\" data-align=\"center\">Daniel Santiago Ocampo M\u00e9ndez<\/td><td class=\"has-text-align-center\" data-align=\"center\">Filipinas<\/td><td class=\"has-text-align-center\" data-align=\"center\"><\/td><\/tr><tr><td class=\"has-text-align-center\" data-align=\"center\">Mar\u00eda Alejandra G\u00f3ngora Delgado<\/td><td class=\"has-text-align-center\" data-align=\"center\">Francia<\/td><td class=\"has-text-align-center\" data-align=\"center\"><\/td><\/tr><tr><td class=\"has-text-align-center\" data-align=\"center\">Mariana Arciniegas Serna<\/td><td class=\"has-text-align-center\" data-align=\"center\">Ir\u00e1n<\/td><td class=\"has-text-align-center\" data-align=\"center\"><\/td><\/tr><tr><td class=\"has-text-align-center\" data-align=\"center\">Sof\u00eda Castro Jaramillo<\/td><td class=\"has-text-align-center\" data-align=\"center\">Kenia<\/td><td class=\"has-text-align-center\" data-align=\"center\"><\/td><\/tr><\/tbody><\/table><\/figure>\n\n\n\n<hr class=\"wp-block-separator has-text-color has-css-opacity has-background aligncenter is-style-wide\" style=\"background-color:#d4e1ff;color:#d4e1ff\"\/>\n\n\n\n<p><\/p>\n","protected":false},"excerpt":{"rendered":"<p>La Comisi\u00f3n Internacional de la Explotaci\u00f3n Sexual y la Violencia de G\u00e9nero (CIEV) es un organismo creado para el modelo SAMONU con el objetivo de promover la protecci\u00f3n integral de los derechos humanos de mujeres, ni\u00f1os y adolescentes frente a todas las formas de violencia sexual, explotaci\u00f3n y de manera especial a su salud. La&#8230;<\/p>\n","protected":false},"author":2,"featured_media":0,"parent":0,"menu_order":0,"comment_status":"closed","ping_status":"closed","template":"","meta":{"_kad_post_transparent":"","_kad_post_title":"","_kad_post_layout":"","_kad_post_sidebar_id":"","_kad_post_content_style":"","_kad_post_vertical_padding":"","_kad_post_feature":"","_kad_post_feature_position":"","_kad_post_header":false,"_kad_post_footer":false,"footnotes":""},"class_list":["post-215","page","type-page","status-publish","hentry"],"_links":{"self":[{"href":"https:\/\/samanesonu.colegiolossamanes.edu.co\/index.php\/wp-json\/wp\/v2\/pages\/215","targetHints":{"allow":["GET"]}}],"collection":[{"href":"https:\/\/samanesonu.colegiolossamanes.edu.co\/index.php\/wp-json\/wp\/v2\/pages"}],"about":[{"href":"https:\/\/samanesonu.colegiolossamanes.edu.co\/index.php\/wp-json\/wp\/v2\/types\/page"}],"author":[{"embeddable":true,"href":"https:\/\/samanesonu.colegiolossamanes.edu.co\/index.php\/wp-json\/wp\/v2\/users\/2"}],"replies":[{"embeddable":true,"href":"https:\/\/samanesonu.colegiolossamanes.edu.co\/index.php\/wp-json\/wp\/v2\/comments?post=215"}],"version-history":[{"count":87,"href":"https:\/\/samanesonu.colegiolossamanes.edu.co\/index.php\/wp-json\/wp\/v2\/pages\/215\/revisions"}],"predecessor-version":[{"id":3590,"href":"https:\/\/samanesonu.colegiolossamanes.edu.co\/index.php\/wp-json\/wp\/v2\/pages\/215\/revisions\/3590"}],"wp:attachment":[{"href":"https:\/\/samanesonu.colegiolossamanes.edu.co\/index.php\/wp-json\/wp\/v2\/media?parent=215"}],"curies":[{"name":"wp","href":"https:\/\/api.w.org\/{rel}","templated":true}]}}